
1019
Let b = 10 + -18. Let h(d) = d**3 + 7*d**2 - 8*d + 4. Let o be h(b). Suppose 5*y + i = -2*i + 224, o*y + 2*i = 180. What are the prime factors of y?
2, 23
Let t(f) = -13*f + 61. What are the prime factors of t(-13)?
2, 5, 23
Suppose f - 6 - 2 = -t, f + 3*t - 18 = 0. Suppose f*s - 2*s = 140. What are the prime factors of s?
2, 5, 7
Suppose 3*n + 2984 = 5*x, 6*n - 2987 = -5*x + 10*n. List the prime factors of x.
5, 7, 17
Let m(k) = k**3 - 14*k**2 + 53*k - 50. What are the prime factors of m(22)?
2, 29, 43
Let b(h) = -h**3 + 4*h**2 - 10. Let z be b(3). What are the prime factors of 192/(5 + -1) + z/(-1)?
7
Suppose -225*o = -208*o - 40069. List the prime factors of o.
2357
Let h = 270 - 35. What are the prime factors of h?
5, 47
List the prime factors of 6 + 819/14*22.
3, 431
Let y = -66 - -194. List the prime factors of y.
2
Suppose -1 = -2*n - p + 4*p, 4*n - 13 = -5*p. Suppose 0 = 3*k - 0*k - 15. Suppose -n - 18 = -k*l. What are the prime factors of l?
2
Let h(x) = 10*x - 15. Let k be h(8). Let q = 93 - k. List the prime factors of q.
2, 7
Suppose -8*u + 3*u + 97 = -3*n, 4*u = -n + 81. What are the prime factors of 1 + -4 - (-15)/3*u?
97
Let l(j) = -5 - j + 2*j**2 + 2*j + 0. Suppose -37 = 5*d - 17. List the prime factors of l(d).
23
Let w(t) = 8*t**2 - 2*t - 7. Let x be w(-3). Suppose -145 = -2*a - 5*q, -q - x = -a - 5*q. List the prime factors of a.
3, 5
Let q(z) = -z**2 - 1. Let u(n) = -2*n**2 - 13*n + 2. Let s(o) = 3*q(o) - u(o). Let t = 154 - 148. What are the prime factors of s(t)?
37
Let n(p) = -6*p - 14. Let l(g) = 12*g + 28. Let b(h) = 6*l(h) + 11*n(h). Let w be b(-8). Let f = w + 46. What are the prime factors of f?
2, 3
Suppose 30*l - 28*l - 538 = 0. What are the prime factors of l?
269
Let l be (3/6)/((-1)/(-46)). Let c = 15 - l. What are the prime factors of 6/c + (-344)/(-32)?
2, 5
Suppose 4*u + 2*v - 14242 = 0, 2*v - 7126 = -3*u + u. What are the prime factors of u?
2, 3, 593
Let c = 751 + -375. What are the prime factors of c?
2, 47
Let c(s) = 173*s**2 - 52*s + 3. What are the prime factors of c(2)?
3, 197
Suppose 5 + 45 = -10*k. List the prime factors of ((-35)/k)/(1/2).
2, 7
Let f(x) = -464*x - 59. What are the prime factors of f(-3)?
31, 43
Suppose 6*m = -170 - 124. Let h = -285 + 198. Let a = m - h. What are the prime factors of a?
2, 19
Let f(c) = -c**3 + 3*c - 7. Let q be f(3). List the prime factors of (32 + 2)*q/(-10).
5, 17
Let m(k) = -51*k + 195. List the prime factors of m(-12).
3, 269
Let a(n) be the first derivative of n**2/2 - 2*n + 2. Let l be a(6). Suppose -l*p = -115 + 23. List the prime factors of p.
23
Let x = -17 + 32. Suppose -14*z - 73 = -x*z. List the prime factors of z.
73
Let v(j) be the second derivative of j**5/20 + 13*j**4/12 + 11*j**3/6 + 5*j**2 + 2*j. Let d = -31 + 19. List the prime factors of v(d).
2, 11
Let w(p) = -1009*p**3 + 4*p**2 + 4*p. List the prime factors of w(-1).
1009
Let b(y) = 88*y + 1. Let l be b(2). Suppose l + 36 = 3*a. List the prime factors of a.
71
Suppose 154*c - 159*c + 160 = 0. Suppose 6*w - c = 2*w. What are the prime factors of w?
2
Let l(o) = -13*o - 7. Let z = -9 - -3. Let y be (-50)/15 - 2/z. List the prime factors of l(y).
2
Suppose -4 - 11 = -5*k. Suppose -3*y = -k*x - 129, 0*y = -y + 3*x + 33. What are the prime factors of y?
2, 3
Suppose 2*v - 18 = 2. Let w = v + 3. Suppose w = 2*y - y. List the prime factors of y.
13
Let f be 27/2*(-14)/(-21). Let a be ((-3)/9)/((-1)/f). Suppose -2*o = 0, 0*d + a*o = 4*d - 156. What are the prime factors of d?
3, 13
Suppose -1491 = -4*v + 3*f + 4908, -2*v = -f - 3199. What are the prime factors of v?
3, 13, 41
Let m = -229 + -9. What are the prime factors of (-10 + 6)/4 + m/(-2)?
2, 59
Suppose 0*t - 3*b + 33 = -4*t, 0 = -5*t + 4*b - 40. List the prime factors of (-202)/(-4) - t/(-8).
7
Suppose 8*q + 10523 = 34987. List the prime factors of q.
2, 11, 139
Suppose -4*g + 4*x = -2276, 38*g - x + 1723 = 41*g. List the prime factors of g.
3, 191
Suppose 0 = -79*l + 74*l - n + 23903, -2*n - 14334 = -3*l. List the prime factors of l.
2, 5, 239
Suppose -5*i = -5, -5*i = n + 7 - 68. List the prime factors of n.
2, 7
Suppose -3*j + j + 204 = 0. Suppose 5*q + 18 = -j. Let d = 41 + q. What are the prime factors of d?
17
Let p = -5204 + 10122. List the prime factors of p.
2, 2459
Let d(v) = -v + 11. Let z be d(7). Suppose z*i + q = 4*q + 274, 2*i = -q + 132. Let m = -41 + i. List the prime factors of m.
2, 13
Suppose j - 4 - 3 = 2*b, 0 = 3*j + 2*b + 11. List the prime factors of j/(-4)*(706 + 10).
179
Let w = 2 + 13. Let l = 46 - w. List the prime factors of l.
31
Suppose 4*u + 12 = 2*r, -r - 2*u + 5 = -13. Let s be (12/r)/(1/5). Suppose -41 = -z + s*j, 3*z = -z + 5*j + 149. What are the prime factors of z?
2, 3
Let h(q) = -86*q + 24. List the prime factors of h(-3).
2, 3, 47
Let b be ((-39)/(-12) - 1)*(-24)/(-6). Suppose -b*o = -3*o - 378. What are the prime factors of o?
3, 7
Let p = 26 + 6. Suppose 3*l = 85 + p. What are the prime factors of l?
3, 13
Let d be 1/(9/6 - 2) - -24. Let q = 64 - d. What are the prime factors of q?
2, 3, 7
Suppose 3957*u - 11790 = 3954*u. List the prime factors of u.
2, 3, 5, 131
Let o = -40 + 202. What are the prime factors of o?
2, 3
Let x be (55/10)/(1/8). What are the prime factors of 8*x/(-24)*-3?
2, 11
Let m = -392 - 24. List the prime factors of m/(-18) - 2/18.
23
Let l = 452 + 2795. What are the prime factors of l?
17, 191
Let a(z) = -9*z**3 + 11*z + 48. What are the prime factors of a(-5)?
2, 13, 43
What are the prime factors of 0 + 25/5 - (-1730 + 3)?
2, 433
Let p(v) = v**3 - v**2 + v - 1. Let m(u) = 4*u**3 + 4*u**2 + 7*u - 5. Let j(q) = -m(q) + 2*p(q). Let c = -4 - 0. What are the prime factors of j(c)?
5, 11
Suppose 288 + 746 = 2*b. Suppose -5*p = -2*n + 264, 5*n - 116 = -p + b. What are the prime factors of n?
127
Suppose -7*c + 10430 = -6363. List the prime factors of c.
2399
Let q be 5/(-2)*(-7092)/30. Suppose b = c + 187, -2*b - q = -5*b - 3*c. What are the prime factors of b?
2, 3
Let p be -14 - (6 - 2 - 0). Let t = 32 - p. List the prime factors of t.
2, 5
Let k(j) = j**3 - 16*j**2 - 4*j - 41. What are the prime factors of k(22)?
3, 5, 37
Let i be 28*(15/12 + -2). Let v = -18 - i. What are the prime factors of 1/(v/(-264)*-2)?
2, 11
Let j(v) = v**3 + 56*v**2 + 103*v + 89. List the prime factors of j(-53).
3, 1019
Let o(v) = 13*v - 2. Let n be o(1). List the prime factors of (-6453)/(-99) + (-2)/n.
5, 13
Suppose b + 2*b - 3*y - 678 = 0, -3*b - 2*y = -663. What are the prime factors of b?
223
Suppose 0 = -5*p - 4*i + 4784, -1756 - 1140 = -3*p + 4*i. What are the prime factors of p?
2, 3, 5
Suppose 0 = 3*d + 2*r + 31, 5*d - 3*r + 120 = 43. Let c(i) = -i**2 - 18*i - 19. Let s be c(d). Let t = s + -27. List the prime factors of t.
19
Let f(m) = -5*m**2 + 74*m**3 - 2 + 5*m + 4 + m**2 - 71*m**3. What are the prime factors of f(3)?
2, 31
Let t be -7*(-1 - 10/(-14)). Suppose -5*i + 7 = t*s, -5*i - 6 - 9 = 0. What are the prime factors of s/((-3)/(0 + -3))?
11
Suppose -16 = 3*c - 5*a + 6, -3*c - 2*a = -13. Suppose -2*n = -3*n - c, -u + 228 = 3*n. What are the prime factors of u?
3, 7, 11
Suppose -16 = -4*c, 5*c + 63 - 493 = -5*l. What are the prime factors of l?
2, 41
Let o(q) = -q**3 + 12*q**2 - 12*q + 2. Let n be o(11). Let k(v) = v**3 + 8*v**2 - 14*v - 16. What are the prime factors of k(n)?
29
Let q(k) = k**2 + 4*k**2 - 252*k**3 + 2*k + 251*k**3 - 5. What are the prime factors of q(-2)?
19
Suppose -8*r + 24*r - 11216 = 0. What are the prime factors of r?
701
Let w(h) = -3672*h + 72. What are the prime factors of w(-1)?
2, 3, 13
Let n be 16/(-72) + (-2)/(-9). Suppose n = -4*y - 2*v + 18, 0*v = 2*y + 2*v - 14. Suppose -y*w + 3*w = 4. List the prime factors of w.
2
Let h(w) = -43*w + 24. List the prime factors of h(-12).
2, 3, 5
Suppose 33*b - 31*b - 32 = 0. List the prime factors of (8/b)/((-366)/(-364) + -1).
7, 13
List the prime factors of -3 + (2 - (-919 - 5 - 1)).
2, 3, 7, 11
Let m be 2/(-8) - 1/(-4). Suppose -2*t - 2*t = 4*v - 176, t - 4*v - 59 = m. List the prime factors of t.
47
Let d(k) = -176*k**3 - 3*k**2 - 9*k - 17. List the prime factors of d(-2).
11, 127
Let t = 9123 + -5966. List the prime factors of t.
7, 11, 41
Let t = 5 + -14. Let h be (-2 - t - 4) + -1. List the prime factors of 